6). What is the greatest common factor of s and o?
11
Let p be 8/(-6)*(-13 + 10). Let t = -7 - -3. Let g be ((-2)/t)/(1/56). Calculate the highest common factor of g and p.
4
Let b(z) = 4*z**2 + 2*z - 6. Suppose -2*g = -6*g - 20. Let h be b(g). What is the highest common divisor of 28 and h?
28
Let r be ((-252)/(-5))/((-16)/(-280)). Let f be (-2)/5 + r/30. What is the greatest common divisor of f and 203?
29
Let y be (7/2 - 3)*14. Let o(q) = q**3 - 6*q**2 - 3*q + 4. Let a be o(y). Calculate the greatest common factor of a and 32.
32
Let j(u) = 5*u - 4. Let f be j(8). Calculate the highest common divisor of 27 and f.
9
Let m(x) = -x**2 + 60. Let y be m(0). Let p = -81 - -141. Suppose -5*i + 0*i + p = 0. Calculate the highest common divisor of y and i.
12
Suppose 0 = 5*l - 2*s + 8, 5*l + 2*s = s + 4. Let h = 22 - l. Suppose 3*k + k + 2*m = h, 3*k = 5*m - 3. Calculate the greatest common divisor of k and 1.
1
Let b = 8 - -1. Suppose -3*j - 5*g + 184 = 0, -5*g + 5 - 10 = 0. What is the greatest common divisor of j and b?
9
Suppose 2*i + 29 = n - 3*i, -2*n = 2*i - 22. Let h(k) = -k**2 + 4*k + 2. Let q be h(4). Suppose 57 = q*d - 13. Calculate the highest common divisor of d and n.
7
Suppose 3*y + 0 = 12. What is the greatest common divisor of 24 and y?
4
Suppose c = 4*d - 345, -d + 50 = -5*c - 22. Calculate the highest common factor of d and 29.
29
Suppose 0 = 3*m - 2 - 4. Let y be ((-4)/6)/((-2)/(-9)). Let f be 57/9 - m/y. Calculate the greatest common factor of 1 and f.
1
Let n = -8 - -7. Let x be n + 5 - 0 - 1. Calculate the highest common divisor of 21 and x.
3
Let j(n) = 5*n**2 - 6*n + 6. Let t be j(4). Suppose -i = -2*l - 18, -2*l - t = -2*i - i. Calculate the highest common divisor of i and 33.
11
Suppose -2*s = 8 - 18. Suppose 3*j + 4 + 71 = w, -s*w - 3*j + 303 = 0. What is the greatest common divisor of 7 and w?
7
Let y be (-7)/(-56) - (-2301)/24. Calculate the greatest common divisor of 6 and y.
6
Suppose -2*g = -2*w - w - 32, 2*g - 2*w - 36 = 0. Suppose 5*t - 4*t = -3. Let u = t + g. What is the highest common factor of 57 and u?
19
Let y be (4 + 1)/(0 - -1). Let j = 6 - 1. Calculate the greatest common factor of j and y.
5
Let j(a) = a**2 - 3*a + 4. Let z be j(5). What is the greatest common factor of z and 21?
7
Let m be 35/(-28)*(-2 - (-2 - -4)). What is the greatest common divisor of m and 55?
5
Suppose -5*s - 15 = 0, -3*s = -d + 297 - 35. Suppose 0 = -x - 12 + 35. What is the highest common divisor of x and d?
23
Let n(m) = -m**3 - 4*m**2 - 3*m - 4. Suppose 3*x + 1 = -2*v + 6*x, -4*v = x + 9. Let y = v + -3. Let h be n(y). What is the greatest common factor of 4 and h?
4
Let o(r) = -2*r**2 + 38*r - 30. Let j be o(18). Calculate the highest common factor of j and 33.
3
Suppose 4*f - 8 = -0*f. Suppose 32 = f*r - 16. Calculate the highest common factor of 168 and r.
24
Suppose -6*r = 4*l - r + 4, -3*l + 4 = 2*r. Calculate the greatest common divisor of 28 and l.
4
Let y(r) = -r**3 + r**2 + 46. Let b be y(0). Let x = 171 - b. What is the highest common factor of x and 50?
25
Let y = -4 + 9. Suppose 3*o = -y*s + 40, -s = 4*s + o - 50. What is the greatest common factor of 99 and s?
11
Let q(i) = -i + 9. Let r be q(8). Let x(d) = 20*d. Let a be x(r). Suppose 4*g - a = 60. What is the highest common factor of g and 140?
20
Let z = 5 - 3. Suppose z*m + a - 103 = 0, 8*a - 3*a - 209 = -4*m. Suppose -4*k + m = -k. Calculate the highest common divisor of k and 136.
17
Suppose 5*c - 4*t + 1 = -6, -5*c = -2*t + 11. Let q be 12/(-1)*2/c. Calculate the highest common divisor of q and 16.
8
Let q = 34 + 2. Calculate the highest common divisor of q and 18.
18
Suppose -2*x = -2*q + 5 + 7, 4*x - 40 = -4*q. What is the highest common divisor of 80 and q?
8
Let w = 78 - -18. Suppose 266 = 5*s - y, -2*s + 28 = 4*y - w. Calculate the highest common divisor of s and 6.
6
Let r = -1 + -17. Let s be 4/(-14) - 30/(-7). Let b be ((-44)/6)/(s/r). What is the greatest common factor of b and 3?
3
Let d(a) = 4*a. Let c be d(3). Let v(h) = -h**2 + 14*h - 18. Let g be v(c). What is the greatest common divisor of g and 42?
6
Let n = 40 - 24. Suppose 89 = q - 25. Suppose i + 34 - q = 0. Calculate the greatest common divisor of n and i.
16
Let c(m) = -m**2 + 10*m + 5. Let u be c(9). Let s be 492/28 + 6/u. Suppose 5*p = 2*p + s. Calculate the highest common divisor of p and 1.
1
Let d = 13 - 6. Let i be (0 - 2) + 2 - -105. Suppose -i = -7*a + 2*a - 2*s, -3*a = -2*s - 63. What is the greatest common factor of a and d?
7
Let q be 6/15*(32 - 2). Suppose 7*u - 123 = 45. What is the highest common divisor of q and u?
12
Suppose -5*x + 4*s = -13, 34 - 4 = 3*x + 5*s. Let i = x + -2. Let l be i + (3/3 - 1). Calculate the highest common divisor of 2 and l.
1
Let x = -168 + 203. Suppose -2*p - 2*g = -5*g - 31, -44 = -3*p + 2*g. What is the highest common divisor of p and x?
7
Let w = 100 + 36. Let k be (-2)/(-6) + w/6. What is the greatest common divisor of k and 207?
23
Let o be (-9)/(-45) + 252/(-10). Let d be 3 + -6 + 6 - o. Calculate the highest common factor of 196 and d.
28
Let t = 66 + -38. Calculate the highest common factor of 28 and t.
28
Suppose -4*j - 305 = -4*z + j, -z - 4*j + 92 = 0. Calculate the highest common divisor of 120 and z.
40
Let u = 4 + -4. Suppose r + 0 - 9 = u. Suppose -7*g - 220 = -r*g. Calculate the greatest common divisor of 22 and g.
22
Let k be 16 + (12/3)/1. What is the greatest common divisor of 4 and k?
4
Suppose -5*y + 3*d - 2*d = 213, -5*d = -2*y - 76. Let j be (-6)/(-27) + y/(-9). Let i be 4/2*(j + 0). What is the highest common divisor of 4 and i?
2
Let m be (-2)/13 + 123/39. What is the highest common factor of m and 1?
1
Suppose -c = -5*c + 4*g, 0 = -2*g + 8. What is the highest common divisor of 8 and c?
4
Suppose 0 = -3*q + 8*q - 5. Calculate the highest common factor of 1 and q.
1
Suppose 0 = -5*i + 5*a + 3 + 22, 2*a + 4 = i. What is the greatest common factor of i and 24?
6
Let g be 1/(135/33 - 4). Calculate the greatest common divisor of g and 77.
11
Let z(s) = 8*s - 10. Let j be z(6). What is the highest common divisor of j and 190?
38
Let r = 3 + 1. Suppose -r = 4*z, 0*u - 2*z + 28 = 3*u. Calculate the highest common factor of 20 and u.
10
Suppose 5*g - 13 - 42 = 0. Let k = 131 + -61. Let y = k - -18. What is the greatest common divisor of g and y?
11
Suppose o - 3 + 1 = 3*k, -5*k + 8 = 4*o. Suppose 3*g - 88 = o. Calculate the greatest common divisor of 6 and g.
6
Suppose 5*s - 51 = 14. Calculate the greatest common factor of 13 and s.
13
Let h be 2 + -10 - (0 - -2). Let f(a) = a**3 + 10*a**2 + 12. Let i be f(h). Let b = 4 + -1. Calculate the greatest common factor of i and b.
3
Suppose 3*n - 18 - 27 = 0. Let c = n - -70. Calculate the highest common factor of 17 and c.
17
Let d be 70/(-5)*54/(-21). Let r(z) = 11*z**3 + 2*z**2 - z. Let o be (4/2)/4*2. Let y be r(o). What is the greatest common factor of d and y?
12
Let d(p) = -73*p**3 - p**2. Suppose 0 = 3*f + 3. Let j be d(f). What is the greatest common factor of 8 and j?
8
Let u = 8 + -2. Let n be 1/4 + u/8. Suppose -11 = -k - 2*g, -2*k + 16 = -3*g + 1. Calculate the highest common divisor of n and k.
1
Suppose -2*o + 3*o = 16. Calculate the highest common divisor of 176 and o.
16
Let b(a) = a + 13. Let r be b(3). Calculate the greatest common divisor of 24 and r.
8
Let o = 212 + -132. Calculate the greatest common divisor of o and 20.
20
Suppose 6 = 3*y - 2*r - 12, -2*r = -y + 6. Let o be 1 + 3 - (-2)/(-2). Calculate the highest common factor of y and o.
3
Let p be 2/1 - 2 - -19. Let r = 31 - p. What is the highest common factor of r and 132?
12
Let x be 4 + -3 - -17*1. Suppose 4*t = 30 + x. What is the highest common divisor of t and 96?
12
Suppose 0*j + 2*j = -2*p + 16, 4*j - 4 = 0. Calculate the highest common divisor of 35 and p.
7
Let a be 0*3/6 - -20. Let p(v) = -v**2 - 7*v - 7. Let o be p(-5). Suppose -k - 7 = -0*q + o*q, 0 = 3*q + 12. What is the greatest common factor of k and a?
5
Let a(k) = 26*k + 1. Let v be a(2). Let o = 93 - v. Suppose 15 = -4*m + 3*x + o, 5*m - 70 = -4*x. What is the highest common factor of 10 and m?
10
Let n = 8 - 4. What is the highest common factor of n and 8?
4
Suppose 3*g - 4*p - 72 = -3, -5*g = -p - 98. Let r(l) = -l**3 - l**2 + l + 4.